he prime factors of g?
2, 3, 5
Suppose 215 = v + 34. Suppose -31 + v = 10*h. List the prime factors of h.
3, 5
Let h(x) = -54*x + 27. Let g be h(-8). Suppose -3*j - 5*y + 166 + 291 = 0, -3*j = 3*y - g. What are the prime factors of 72/42*j/4?
2, 3, 11
Suppose 16*t = -4331 + 11851. What are the prime factors of t?
2, 5, 47
Let r(h) = 13*h**2 + 20*h + 98. What are the prime factors of r(-6)?
2, 223
Let f = 49 + -3. Let c = f - 23. List the prime factors of c.
23
Suppose 8 = 4*t - 5*t. Let n(v) = v**3 + 8*v**2 - 3*v - 10. List the prime factors of n(t).
2, 7
Let x = -136 + 301. Suppose -x = -4*l - l. Let j = -13 + l. List the prime factors of j.
2, 5
Suppose -62*o + 1095 = -59*o. What are the prime factors of o?
5, 73
Let r(m) be the second derivative of 5*m**4/6 - 5*m**3/3 - 9*m**2/2 + 3*m. What are the prime factors of r(-3)?
3, 37
Let r(p) = p**3 - 2*p**2 - 9*p - 10. Let q(c) = 2*c**3 - 5*c**2 - 18*c - 20. Let n(m) = 3*q(m) - 5*r(m). List the prime factors of n(9).
233
Let z(d) = -d + 54. Let g be z(0). Let y = g + -13. What are the prime factors of y?
41
Let a = 36 + -36. Suppose 3*l - 313 = -q, l - 5*l - 4*q + 428 = a. What are the prime factors of l?
103
Suppose -312 = -0*f - 12*f. What are the prime factors of f?
2, 13
Suppose 4*y = -2*y + 18. Suppose -y*r - 4*u = -21, r + u = 4*r - 6. Suppose r*q = -3*s + 72, -s + 4*q = -4 - 0. What are the prime factors of s?
2, 5
Let y(o) = o - 8. Let p be y(6). Let v(a) = -18*a - 2. Let r be v(p). Let t = -21 + r. List the prime factors of t.
13
Let g be 410/18 - 2*2/(-18). List the prime factors of g/(-2)*(-140)/10.
7, 23
Suppose -23*c - 4615 = -36*c. What are the prime factors of c?
5, 71
Let n = 138 + -127. Suppose 4*d = 47 - n. What are the prime factors of d?
3
Suppose 50*m - 17*m = 2079. What are the prime factors of m?
3, 7
Let w(c) = 2*c + 1. Let r be w(-3). Let a(o) = -10*o - 15. List the prime factors of a(r).
5, 7
Let s(n) = 25*n**2 - 3*n. Let j be s(-2). Let v = j - -85. List the prime factors of v.
191
Let g = 3157 - 509. Suppose 12*a - g = 4*a. List the prime factors of a.
331
Let z(t) = -32*t**3 - 2*t**2 - 3*t + 5. Let v be (-26)/(-65)*-1*5. List the prime factors of z(v).
7, 37
Suppose 242 = -3*n + 5*n. Suppose 4*q + 22 = g, -4*g + 27 = -q - n. List the prime factors of g.
2, 19
Let p be 81/2 - 15/(-30). Let n = p - -4. List the prime factors of n.
3, 5
Suppose -2*x + 2093 = 3*o, 3*o - 2089 = -86*x + 85*x. What are the prime factors of o?
5, 139
Suppose -5*d + 636 + 2988 = -n, -2*d = -13*n - 1500. List the prime factors of d.
2, 181
Let u(q) = -q**3 + 20*q**2 + q - 10. Let b be u(20). List the prime factors of (5 - (-84)/(-15)) + 876/b.
3, 29
Let j = -131 - 141. Let r = j + 507. What are the prime factors of r?
5, 47
Let a(k) be the second derivative of -k**4/12 + 2*k**3/3 - k**2/2 - 2*k. Let x be a(3). Suppose 39 = x*o + o. List the prime factors of o.
13
Let d(v) = 8*v**2 - 10*v + 9. Suppose 18*i - 6 = 17*i. What are the prime factors of d(i)?
3, 79
Suppose -k - 3*r + 47 = 0, 178 = 4*k - 3*r + 5*r. Suppose -2 = 2*p - k. What are the prime factors of p?
3, 7
Suppose 0*s = -8*s. List the prime factors of 5 - (-150 + s + 1).
2, 7, 11
Suppose -2*x - 4*l = -100, 2*l - 125 = 3*x - 315. Suppose -2*v + x = -u + 5*u, -5*u = 3*v - 86. Suppose -108 = -5*w + v. What are the prime factors of w?
2, 13
Let y(r) = r**3 + r**2 - r + 76. Let q be y(0). What are the prime factors of 2/(-2)*((-3)/(-3) - q)?
3, 5
Suppose 0 = 2*r - r - 11. Let m(k) = 23*k - 39. What are the prime factors of m(r)?
2, 107
Suppose -3*h = 11 - 8. Let n(k) = -189*k**3 + 3*k**2 - 2. List the prime factors of n(h).
2, 5, 19
Let u(x) = 53*x**3 - 5*x**2 + 12*x + 1. List the prime factors of u(2).
3, 11, 13
Suppose 0 = -3*t - u + 685, 4*t = 5*t + 5*u - 247. List the prime factors of t.
227
Suppose -13 = 2*o - 3*o. Suppose -v = -3*r + o, -4*v + 0*r - 20 = -4*r. What are the prime factors of (-20)/(v*(-4)/(-8))?
2, 5
Let x(o) = -61*o - 25. List the prime factors of x(-23).
2, 13, 53
Let m = -4893 + 9409. What are the prime factors of m?
2, 1129
Suppose j - 885 - 1306 = -4*i, 2*i + 3*j = 1093. What are the prime factors of i?
2, 137
Suppose 0 = 2*k - 2, 0*s + 5*k - 17 = -3*s. Suppose -s*d - 145 = -5*l - 717, -2*l + 429 = 3*d. What are the prime factors of d?
11, 13
Let n be (68/10)/(2/5). Suppose 16*y + 115 = n*y. What are the prime factors of y?
5, 23
Suppose 0 = -2*l + 2*w + 3046, -2*l + 4*w + 1165 = -1887. List the prime factors of l.
2, 5, 19
Let c(x) be the second derivative of x**4/12 + 2*x**3/3 + 7*x**2/2 + 7*x. List the prime factors of c(-8).
3, 13
Suppose -i = 3*p - 2362, -i = 4*p - 2*p - 2359. List the prime factors of i.
13, 181
Suppose 34 = -2*w + 5*x, 4*w - 8*w - 42 = 3*x. Let z = w + 26. Suppose z*n = 15*n - 35. What are the prime factors of n?
5, 7
Suppose 20 = -s + 22. Suppose -s*y - 551 = -10*r + 5*r, 4*r + y - 433 = 0. List the prime factors of r.
109
Let l = -237 + 326. What are the prime factors of l?
89
Suppose -3*f + 7*f - 1568 = 0. What are the prime factors of f?
2, 7
Let o be (0 + 3)*4/2. Let s be (-112)/24 + 4/o. List the prime factors of (-10)/s*(-32)/(-40).
2
Let h be 1 + 0 - (-5 + 2). Suppose -3 = -i + h*i, -3*i = -z + 27. What are the prime factors of z?
2, 3
Suppose 0 = -5*y + 3*y + 3774. List the prime factors of y.
3, 17, 37
Suppose 0 = -3*o + 3 - 24. Suppose 6 = 28*x - 498. Let r = o + x. What are the prime factors of r?
11
Suppose 8*j - 502 = 1066. List the prime factors of j.
2, 7
Let z = 213 - 199. What are the prime factors of z?
2, 7
Let k be 36/20*(-30)/(-9). Suppose 5*r - 9 = -3*w, k = 4*w - 2*w - r. Suppose i = -b + 73, 4*b - w*b = -4*i + 301. What are the prime factors of i?
2, 19
Let s be 2 + 7 + (-9)/3. Let m be (-3)/(-2 - 4)*s. Suppose -3*y = 4*b - 85, 4*y - 55 = -m*b - 0*y. List the prime factors of b.
5
Suppose -4*r + 175 = 4*d - 65, -5*d + r = -294. Suppose -d = j - 23. What are the prime factors of ((-63)/j)/((-1)/(-12))?
3, 7
Let i = 1357 + 142. List the prime factors of i.
1499
Suppose 4*j - 16 = 2*j. Suppose j*l - 4*l = 0. Suppose s - 17 - 12 = l. List the prime factors of s.
29
Let m = 54 - 55. What are the prime factors of (-49 + 1)*((-14)/(-21))/m?
2
Let p be (-1)/((-14)/(-8)) - 12/(-21). Suppose p*s = 5*s - 445. What are the prime factors of s?
89
Suppose 0 = l + 4*d - 1857, -l + 5*l + 2*d - 7372 = 0. What are the prime factors of l?
7, 263
Let w(v) = -22*v**3 + 5*v**2 + 7*v - 2. Let n be w(6). List the prime factors of n/(-77) - (-1)/7.
59
Let t = 48 + -5. Suppose 32 = 4*s + 3*r + 2*r, r = 3*s - t. List the prime factors of s.
13
Let v(t) = -2*t**2 + 2*t - 1. Let s be v(-2). Let q = -1 - s. Suppose 18 = 5*h - q. What are the prime factors of h?
2, 3
Let b(d) = 2*d**3 - 9*d**2 - 8*d - 26. List the prime factors of b(6).
2, 17
Let a(p) = -4*p**3 + 3*p**2 + 5*p - 13. Let f(l) = l**3 + l**2 - l. Let x(j) = -a(j) - 5*f(j). What are the prime factors of x(-10)?
3, 71
Suppose -3*i = -3*j + 165, -4*j - 9 = -j. Let w = 156 + i. What are the prime factors of w?
2, 7
Suppose -7*w - 54 = -950. Let f = w + -59. What are the prime factors of f?
3, 23
Let v(b) = -5*b + 3. Let o be v(-1). Suppose o*x - 341 = 307. List the prime factors of x.
3
Suppose -75208 = -69*c + 52*c. What are the prime factors of c?
2, 7, 79
Let i = -1053 + 1354. What are the prime factors of i?
7, 43
Suppose 14 = -3*c - 5*b, -2*c = -c - 2*b - 10. Suppose 0 = -2*t + 6*t + 188. What are the prime factors of (t/c)/(2/(-4))?
47
Let t(o) = o + 6. Let g be t(-6). Let q(h) = h**2 - h + 2. Let y be q(g). Suppose 0*b + 54 = y*b. List the prime factors of b.
3
Suppose -x = -2*c + 35, -2*c + 21 = 4*x - 39. Suppose c = -0*j + 5*j. Suppose -5*h + 0*h - 10 = 0, j*o = 5*h + 106. What are the prime factors of o?
2, 3
Let g = 42 - -67. What are the prime factors of g?
109
Suppose -4*p + 4*t - 71 = 1, -5*p - 3*t = 74. Let u be (-78)/p - 5/(-40). Let j = 20 - u. What are the prime factors of j?
3, 5
Suppose 5*j - m = 20370 - 7763, 2*m + 5038 = 2*j. List the prime factors of j.
2, 13, 97
Let h(r) = 3029*r**3. List the prime factors of h(1).
13, 233
Suppose -4*w + l + 3*l + 276 = 0, -5*l + 231 = 4*w. Let v = 168 - w. What are the prime factors of v?
2, 13
Let t = -26 + 16. List the prime factors of ((-232)/(-40))/((-1)/t).
2, 29
Let g